 be t(10). Suppose -q*u = -424*u - 5180. What is the units digit of u?
8
Suppose 0 = 5*a - 4*a. Let s(h) = 2*h**3 + h**2 + h + 3. Let v be s(0). Suppose -v*j + 44 + 97 = a. What is the tens digit of j?
4
Let u be (3048/20)/(9/60). Suppose -2*g + 1266 = -4*y, y - 1498 - u = -4*g. What is the hundreds digit of g?
6
Let g(f) = f**2 - f**3 + 13*f - 13*f**2 + 1 - 12. Let w = -3996 + 3982. What is the tens digit of g(w)?
9
Let h = 98 - 85. Suppose -10*k - 1764 = -h*k. What is the hundreds digit of k?
5
Suppose 0 = -24*h + 22*h - 438. Let g = -53 - h. What is the hundreds digit of g?
1
Let v be (-5)/5 + 14*(-3)/6. Let r(z) = z**3 + 5*z**2 - 16*z + 16. Let l be r(v). Let i = l + 62. What is the units digit of i?
4
What is the tens digit of 5/(-15)*(22 + 5) - -29055?
4
Let p(o) = 6*o + 44. Let b be p(-6). Let x = 4 + 0. What is the units digit of x/b*-2 + 83 + 3?
5
Suppose 0*q = 2*q - 16. Suppose -q + 0 = f. Let x(u) = -12*u - 22. What is the units digit of x(f)?
4
Suppose o = -5, -a + 197 = 2*o - o. Suppose -b + 0*b - 4*n + 110 = 0, -532 = -5*b - 2*n. Let s = a - b. What is the units digit of s?
6
Suppose 0*j - 4645 = -5*j. Suppose -8*h + j = -6*h - n, -5*h + 2310 = -5*n. What is the tens digit of h?
6
Suppose -2*q + 96997 = -u, -24*u + 10 = -22*u. What is the ten thousands digit of q?
4
Let o(a) = -a**3 + a**2 + 5*a - 4. Let m be o(2). Suppose -3*k + 0 - 4 = -5*j, -m*k - 4 = -4*j. What is the units digit of 3*j/3 + 76?
8
Let i(x) = 228*x - 2666. What is the thousands digit of i(47)?
8
Suppose 5*b - 62 - 3 = 0. Let x(a) = a**2 - 13*a - 10. Let v be x(b). Let u = 41 - v. What is the tens digit of u?
5
Let h = 1096 - 1633. Let p = -304 - h. What is the units digit of p?
3
Suppose 14*j - 266 = 209 - 69. What is the units digit of j?
9
Let f = -9452 + 24457. What is the tens digit of f?
0
Let o = 85 + -35. Suppose 0 = -2*z + o + 36. Suppose -47*w + z*w = -232. What is the tens digit of w?
5
Let l be (-1)/(-1)*40/(-40). What is the tens digit of (-2)/((-1)/(-71)*l)?
4
Let s = -63914 - -115070. What is the thousands digit of s?
1
Let x(v) = -v**2 - 23*v - 56. Let c be x(-5). Suppose 51*n - c*n - 14246 = 0. What is the tens digit of n?
3
Suppose 0 = 35*z - 26334 - 128191. Suppose 0 = -12*s + 4105 + z. What is the tens digit of s?
1
Suppose 0*i + 2*i - k = 32453, 32463 = 2*i + k. What is the ten thousands digit of i?
1
Suppose -s = c - 4 + 7, 10 = -4*c - 5*s. Let u be -6*7/(-105) + 12/c. What is the tens digit of (140/(-49))/(u/35)?
5
Suppose 2304 = 4*h + 3*d, -79*d + 78*d - 2861 = -5*h. What is the units digit of h?
3
Suppose 5*c - 35982 = -3*a, -4*c = 3*a - 35635 + 6847. Suppose 5*r + 1059 = c. What is the tens digit of r?
2
Let q = -81 + 86. Let k be (18/(-24) - (-1)/(-4)) + q. What is the units digit of k/14 + (-1336)/(-28)?
8
Let b = -2 + 7. Suppose -1 = -j, 10*j - 5*j = -3*r + 122. Suppose -z = -r - b. What is the tens digit of z?
4
Suppose -3*r = q - 39425, 159*r - 158*r + 197013 = 5*q. What is the hundreds digit of q?
4
Let v = -20952 - -48963. What is the thousands digit of v?
8
Let v be (-442)/(-130) - (0 + (-4)/(-10)). Suppose v*u - 4*u = -4*q + 1487, -2*q - 4*u = -730. Suppose 5*y + 6 = q. What is the units digit of y?
3
Suppose 2*d = -5*p + 5, -d - 4*p = -3*d - 22. Let o(c) = -6*c**3 - 6*c**2 + 20*c + 31. What is the units digit of o(d)?
1
Let o = 3221 + -4807. What is the hundreds digit of 3/(-9) - (o/6 + 2)?
2
Let u = 66591 - 9838. What is the ten thousands digit of u?
5
Suppose 7*y - 73335 = -0*y + 11498. What is the hundreds digit of y?
1
Suppose 0*b = -5*b + 4*a + 116, a = b - 24. Suppose -7*i = -b - 29. Suppose i*n = n + 654. What is the units digit of n?
9
Let o be (-64 - -64) + (0 + 1)*(-4400)/(-20). Let k be (1 - 0)/(2/10). Suppose -4*f + k*d + o = 0, -6*f + 252 = -2*f + 3*d. What is the tens digit of f?
6
Let a be (12/15)/(32/20)*6. What is the thousands digit of (-14 - a)/((-3)/330)?
1
Let n(y) = -2*y**3 + 6*y**2 + 2*y + 9. Let x be n(5). Let r = 21 + x. Let m = r + 155. What is the units digit of m?
5
Suppose 33 = -21*g + 10*g. Let r be 4/g + (-1208)/(-6). Let t = r + -51. What is the tens digit of t?
4
Suppose -8*i + 12 = -5*i. Suppose i*s + 0*h - 2*h = 0, -2 = -3*s + h. Suppose 0*n - n = -5*w + 127, s*w - 56 = 3*n. What is the units digit of w?
5
Let p = -9765 + 20824. What is the thousands digit of p?
1
Let z(p) = -60*p**3 + p**2 + p - 1. Let a be z(1). Let j = -51 - a. What is the tens digit of ((-645)/(-20))/(((-15)/j)/(-5))?
8
Let r(n) = 2*n**2 + 27*n - 8. Suppose -150 = 6*m - 12. What is the tens digit of r(m)?
2
Let l(r) = -395*r + 8336. What is the thousands digit of l(-63)?
3
Let n be 3 - 0/(5 + (-4 - 0)). Suppose -5*b + 1590 = 5*t, 3*t + 8*b - 948 = n*b. What is the units digit of t?
1
Let t(b) = b**3 + 7*b**2 - 16*b + 15. Let s be t(-9). What is the hundreds digit of ((-5788)/(-6))/2 - 2/s?
4
Let a(r) = 5*r**2 - 7*r - 140. What is the units digit of a(-55)?
0
Let r be (-2)/((-39)/(-20) + -2). Let t = 40 + -29. Suppose 15*z - t*z - r = 0. What is the units digit of z?
0
Let d = -331 - -482. Let q = d + 269. What is the units digit of q?
0
Let y(a) = 664*a**2 - 845*a + 5046. What is the tens digit of y(6)?
8
Let l(h) = -4*h + 17. Let a(k) = 2*k + 1. Let f(t) = 4*a(t) + 4*l(t). What is the tens digit of f(-14)?
8
Let k(d) = -4*d + 728. What is the tens digit of k(53)?
1
Suppose 182*g + 118080 = 194*g. What is the units digit of g?
0
Suppose 3*y - 4 = 2*q + 1, 4*q = 2*y - 14. What is the hundreds digit of (-6630)/q + (-11)/22?
6
Suppose -1 = p, 5*y + 0*p - 8 = 3*p. What is the hundreds digit of y*1222 - 3/(-12)*-8?
2
Let f(t) = 9*t + 78. Let w be f(-9). Let p(v) = 15*v**2 + 2*v - 4. What is the hundreds digit of p(w)?
1
Suppose 17*r - 34389 + 5693 = 0. Suppose 2*p + 5*z - r = 0, -10*p + 5*z - 2527 = -13*p. What is the tens digit of p?
3
Suppose -2645266 = -365*a + 8228449. What is the ten thousands digit of a?
2
Let f(w) = w**3 + w + 2. Let v(s) = 2*s**2 + 13*s + 1. Let y be v(-7). What is the tens digit of f(y)?
2
Suppose 65*i - 59*i = 12. Let y(z) = 165*z - 3. What is the units digit of y(i)?
7
Suppose 24*x - 7*x = 272. Suppose -8450 = -9*u - x*u. What is the hundreds digit of u?
3
Suppose 0 = -0*n - 43*n + 30143. Let r = n - 413. What is the tens digit of r?
8
Suppose 2651106 - 371387 = 377*y. What is the units digit of y?
7
Suppose y = -452*y + 2731137. What is the hundreds digit of y?
0
Let k be (-2 - -2 - 2)*4. Suppose -51 + 47 = 2*c, p - 1 = 2*c. What is the units digit of (-478)/p - ((-48)/18)/k?
9
Let l(x) = -x**3 + 11*x**2 - 7*x - 14. Let j be l(10). Let r = 0 + j. Suppose 5*w - r - 4 = 0, 4*q - 200 = -5*w. What is the tens digit of q?
4
Suppose -4*x + 52*k - 56*k = -47212, 3*x - 3*k - 35433 = 0. What is the tens digit of x?
0
Suppose 3*w = -3*i + 5*i + 3, 9 = -w + 4*i. Suppose 46 = -4*l + w*n + 1454, -2*l = -3*n - 704. What is the hundreds digit of l?
3
Suppose -m + 32 = -3*m + g, 3*g = -m - 2. Let a = 16 + m. Suppose -80 = -a*o + 2*z, 5*o + 4*z - 220 = 5*z. What is the units digit of o?
5
Let w(a) = -a**2 + 10*a + 7. Let z be w(9). Let s(i) = -i**3 + 17*i**2 - 17*i + 26. Let r be s(z). What is the tens digit of (30 + -2)*(r + -9)?
2
Let d = 627 + -125. Let v = d + -332. What is the hundreds digit of v?
1
Let j = -38 - -42. Suppose 5*i + 4 = -2*d + 35, 14 = j*i - 2*d. Suppose -2*t + 122 = 5*v, i*t + 0*v - 2*v = 334. What is the tens digit of t?
6
Let t(m) = m**3 + 2*m**2 - 13*m - 14. Let u be t(-4). What is the tens digit of (1*5 - (9 - u))*178?
5
Suppose 0 = -13*q + 14*q - 5. Suppose -x = -q*l + 3*x + 75, -50 = -5*l - x. Let m = 52 - l. What is the tens digit of m?
4
Suppose 3*l = -3*o - 3801, 14*o - 16*o + 2 = 0. Let t = l - -2623. What is the hundreds digit of t?
3
Suppose 4*q = 9 - 1. Suppose 2*y = -q*j - 4, 3*j + 1 = -5. Suppose 2*k - 550 + 38 = y. What is the units digit of k?
6
Let w = -4527 - -19291. What is the units digit of w?
4
Suppose 5*s + 3*i = 52560 - 8568, -2*i - 12 = 0. What is the thousands digit of s?
8
Let p(g) = -33*g - 262. Let h be p(-8). What is the tens digit of (1 - h/10)/(39/43290)?
8
Let n(g) = -17*g**2 + 14*g + 7*g**2 + g**3 - 2 - 13. Let d be n(9). Suppose 768 = d*i - 24*i. What is the units digit of i?
8
Suppose 0*z = -3*z - 342. Let x = 6478 - 6428. Let k = x - z. What is the te